ve d(a).
3
Let r(a) = a**3 - 4*a**2 + a + 2. Let m = -56 + 97. Let o be -2*(-6)/(-4) - (-2021)/43. Let i = o - m. Determine r(i).
-4
Let r(g) = 0 - 2*g**3 + 1 + 8*g + g**3 - 5*g**2. Let l = 350828 - 350834. What is r(l)?
-11
Let z(w) = w**2 - 32*w - 277. Let f be z(39). Let p be (-63)/28*f/3. Let v(k) = -k + 3*k + 0*k - 4. Calculate v(p).
2
Suppose 2*t = 5*x + 95 - 93, 4*x - 38 = -2*t. Let c(o) = o**3 - 11*o**2 + o + 1. What is c(t)?
12
Let h = 2479 - 2475. Let b(m) be the third derivative of 1/3*m**3 - 1/6*m**h + 0*m - 1/60*m**5 + 0 - 8*m**2. Give b(-4).
2
Let z(o) = 31 - 41 - 9*o + 28 + 83 - 18. Determine z(14).
-43
Let i(h) be the third derivative of -h**5/60 + 7*h**4/12 - 5*h**3/6 - 191*h**2. Let j be 6/(-21) + (-86)/(-7). Give i(j).
19
Let k(c) = 6*c - 8. Let g be -1*10 + (8 - -4). Give k(g).
4
Let p(n) = 13 + 18 + 43*n**2 - n + 44*n**2 - 90*n**2 - 2. Calculate p(0).
29
Let p be (-6 - (-448)/70)*-20. Let r(s) = -s**3 - 9*s**2 - 7*s + 16. What is r(p)?
8
Let s(w) be the third derivative of w**5/60 - w**4/8 - w**3/3 + 40*w**2. Let u = -2239 + 2243. Calculate s(u).
2
Let c(v) = -v**2 - 28*v - 161. Let l be c(-11). Let w(p) = 1 - p - p + 8 - l + 9. What is w(-8)?
8
Let u be -1*(1 + 1 - 3). Let r(g) = g. Let z(c) = 39*c - 18. Let d(k) = -9*r(k) - z(k). Let y(q) = -14*q + 5. Let x(m) = -5*d(m) + 18*y(m). Determine x(u).
-12
Let v(l) = l**2 - 5*l - 6. Let y = 633 - 614. Suppose t = 5*f - y, -3*t - t + 39 = 3*f. What is v(t)?
0
Let i(c) be the third derivative of c**6/120 + c**5/30 + c**4/24 + 19*c**3/6 - 206*c**2 + c. Calculate i(0).
19
Let a(q) be the first derivative of 9*q**2/2 - 61*q - 1622. Determine a(6).
-7
Let a(m) = m - 4. Let y(d) = d**2 - 4*d + 4. Let z be y(5). Let t be a(z). Let x(s) = 16*s - 5. Let b(g) = 14*g - 5. Let h(k) = 7*b(k) - 6*x(k). What is h(t)?
5
Let w(h) = -11*h + 1. Let t be (0 - (-4)/(-2)) + -7. Let r(d) = -5*d + 1. Let q(v) = t*r(v) + 4*w(v). Suppose -8*l = 24 + 8. Determine q(l).
-9
Let f(m) = m**3 - 12*m**2 + 10*m + 23. Let v be (-264)/(-16)*2/3. Determine f(v).
12
Let f(y) = 5*y - 11. Let q(a) be the third derivative of -a**4/12 + 5*a**3/6 - 3*a**2. Let j(k) = 3*f(k) + 7*q(k). Let i = -6226 + 6232. Calculate j(i).
8
Let l(y) be the first derivative of -y**2/2 + 57*y + 4816. Determine l(10).
47
Suppose 66 = 5*t + 6. Let i(s) = -s**2 + 40*s - 75. Let q be i(38). Let o be q*t*1/2. Let w(h) = -h**3 + 6*h**2 - 2*h + 9. Determine w(o).
-3
Let d be (-6 - 33/(-5) - (-4)/10)*3. Let q(i) = -i**2 + 6*i + 2. Let j(z) = z. Let t(k) = -6*j(k) + q(k). Determine t(d).
-7
Let b(i) = 7*i - 2. Suppose -18*o + 2 = -17*o. Suppose -33*n + 32*n + o = 0. What is b(n)?
12
Let c = 14598 - 14596. Let q(s) = -14*s + 40. Determine q(c).
12
Let s(w) be the second derivative of 2*w**2 - 2*w - 7/12*w**4 - 1/2*w**3 - 7 - 1/20*w**5. Calculate s(-6).
-14
Let g(v) = -v**2 + 15*v - 18. Let s = -34 + 46. Let i be g(s). Let c(k) = -4 + 14*k - i*k - k**2 + 5. Determine c(-5).
-4
Let v be ((-20)/16)/(500/2400). Let o(g) = -2*g**3 - 9*g**2 + 20*g + 14. Give o(v).
2
Let d be 10/4*120/50. Let y(a) = -5*a - 34. Let p(t) = 2*t + 11. Let u = 22 - 30. Let o(l) = u*p(l) - 3*y(l). Calculate o(d).
8
Let m be ((4/18)/((-14)/21))/(1/3). Let r(w) = -25*w - 23. Determine r(m).
2
Let n(b) = 4*b**3 - 37640*b**2 - 4 - 3*b**3 + 37635*b**2 - 4*b. Determine n(5).
-24
Let l(w) = -36*w**3 + 73*w**3 - 36*w**3 - 29*w**2 + 28*w**2. Let k(n) be the first derivative of -n**3/3 - 7*n**2/2 + 9*n - 1. Let r be k(-8). Determine l(r).
0
Let r(s) = -13*s - 128. Let v be r(-10). Let j(c) = -c + 16*c - 22*c + c**v. Give j(3).
-12
Let a(o) be the second derivative of -10*o**3 - o**2/2 - 142*o - 9. What is a(2)?
-121
Let y(r) = r**3 + 5*r**2 - 14*r + 2. Let f be y(-7). Let t be f - -2 - 192/(-8). Suppose m + t = -3*m. Let l(h) = h**3 + 6*h**2 - 5*h + 3. Give l(m).
-11
Suppose -5*w = -14 - 6. Suppose -18 = -w*r - 2. Suppose -3*t = -5*t - o + r, 0 = -4*t + 3*o - 2. Let i(d) = 8*d - 1. Give i(t).
7
Let d(n) = -2*n**3 - 5*n**2 + 128*n + 13. Let a be d(7). Let y(t) = -17*t - 375. Determine y(a).
-1
Let n = -325248 + 325247. Let a(h) = -4*h + 5. Let v(l) = -l + 1. Let f(t) = a(t) - 3*v(t). What is f(n)?
3
Let n be ((-5)/(-2))/(-5) - 125/2. Let r = n - -64. Let l(a) = r - 3*a**2 + 0 + 0*a**2. Determine l(-1).
-2
Let n(v) = -v**2 + 8*v - 7. Let p be 32/4 - (135/75 + (-45)/25). What is n(p)?
-7
Let b(i) = -2*i**2 + 9*i + 24. Suppose -233*l = -317*l + 588. What is b(l)?
-11
Let a = -72 + 69. Let s(w) = -4*w + 1. Let p(j) = 5*j - 2. Let d(b) = a*s(b) - 2*p(b). What is d(0)?
1
Let x(p) = -p**2 - 27*p + 17. Suppose 5*h + 40 = 13*h. Let i(l) = l**2 + 25*l - 17. Let j(k) = h*x(k) + 6*i(k). What is j(-16)?
-1
Let l(s) = -s**3 - 11*s**2 - 2*s - 10. Suppose 0 = -45*z + 47*z + 28. Let j be 1 + -9 - z/((-28)/6). Give l(j).
12
Let p be (-2)/(-7) - (225/(-21) + 1). Let b(t) = -3 + 3 - 11*t**2 + p*t**2 + t - 3. Suppose -2*n + 2*o - 2 = -6, o + 2 = -4*n. Determine b(n).
-3
Let y(x) = -58*x**2 - x. Suppose 55*o - 53*o + 26 = -6*a, -2*a - 9 = o. What is y(o)?
-57
Let m(t) = 24*t + 1. Let c(o) = 87*o - 156. Let d(r) = -c(r) + 4*m(r). Determine d(-17).
7
Let k(a) be the first derivative of -a**4/4 + 4*a**3/3 + 15*a**2/2 - 17*a + 7305. Calculate k(6).
1
Let f(j) = -2*j**2 + 19*j + 21. Let m be 20/4 - (-14 + 8). Give f(m).
-12
Let b(h) = -h**3 - 5*h**2 + 5*h + 3. Suppose l + 0*r = 3*r + 121, 4*l - 4*r = 484. Suppose 5*g + 551 - l = 0. Let a = 80 + g. Give b(a).
9
Let r(t) = 1638*t**2 - 3278*t**2 + 28*t + 28 + 1646*t**2. What is r(-3)?
-2
Suppose 5*p = 3*b - 24, -4*p - b - 6 = b. Let c(s) = 5*s**3 + s**2 - 5*s + 24. Let f(w) = 2*w**3 + w**2 - 2*w + 11. Let j(m) = p*c(m) + 7*f(m). Determine j(4).
9
Let w(s) = 3*s + 1306 + 1294 + s - 2615. What is w(8)?
17
Let o(d) = 2*d + 1. Let w(y) = -52 + 43 - y + 3*y. Suppose -35 = -5*z - 0*z. Let h be w(z). Calculate o(h).
11
Let l be -2 - 1 - (4 + -11). Let r(t) = 3*t**2 - 3*t - 8*t - 1 - 5*t**2 + 10*t - t. Calculate r(l).
-41
Let z(j) = j**2 + 18*j - 4. Let x(i) = -i**2 - 22*i + 4. Let v(k) = -3*x(k) - 4*z(k). Suppose -4*n + 82 + 42 = 0. Suppose 1 - n = 5*f. Calculate v(f).
4
Let u(l) = -21*l - 3. Let c be (5/(-3))/(151/453). Calculate u(c).
102
Let d(f) = f**2 - 3*f - 4 - 2*f + 0 + 0. Let k be 254/(-1905) + (-428)/(-60). Determine d(k).
10
Let d(l) = l**3 + 6*l**2 - 6*l + 4. Let n be d(-7). Let j be ((-2)/n)/((-4)/(-18)). Let w(f) = -3*f + 4*f**2 + 0*f**2 - 9*f**2 + j*f**2 - 1. Give w(-2).
-3
Let r(o) = o**3 + 4*o**2 - 282*o + 44. Let k be r(-19). Let j(f) = 3*f**2 + 46*f + 97. Give j(k).
6
Let r(a) = -a**3 + 8*a**2 - 2*a + 8. Let n = 46 + -21. Suppose -t + 7 = 9, t - 20 = -2*z. Suppose y = -w + z, -5*y = -4*w - 8 + n. What is r(w)?
-8
Let q(d) = -10 - 33*d - 35*d - 40*d + 136*d - 30*d. Calculate q(5).
-20
Suppose -4*s + 6*s + 4 = 4*h, -s = -4*h + 4. Let i(p) = -2*p. Let t(c) = 25*c - 1. Suppose 68 - 104 = 6*r. Let d(n) = r*i(n) - t(n). Give d(h).
-12
Let n(u) = 12 - 41*u + 13*u + 11*u + 40 + 13*u. Determine n(13).
0
Let b(g) = -4*g**3 - 17*g**2 + 10*g + 11. Let p = 127 - 131. Let m(q) = -3*q**3 - 16*q**2 + 10*q + 12. Let l(j) = p*b(j) + 5*m(j). What is l(11)?
5
Let f = -5182 - -5170. Let r(o) = 2*o - 26. Determine r(f).
-50
Let s(k) be the third derivative of k**4/24 + 2*k**3/3 - 61*k**2 + 16*k. Calculate s(-10).
-6
Let n(g) = -4*g**3 + 11*g**2 + 3 + 5*g**3 + 2 + 0 + g + 8*g. Calculate n(-10).
15
Let u(b) = b**2 + 14*b - 3. Let k be -38 + 19 - (11 - 17). Determine u(k).
-16
Let o(n) = -n**3 + 10*n**2 - 18*n - 7. Let z(u) = -4*u + 284. Let h be z(69). Calculate o(h).
-23
Let f(n) be the second derivative of -n**5/120 + n**4/24 - 21*n**3 - 133*n. Let s(i) be the second derivative of f(i). What is s(4)?
-3
Let n(f) = -237 - 5*f + f**3 + 5*f**2 - 430 + 661. What is n(-7)?
-69
Suppose r = -3*r + 4, 4*r = -j - 1. Let h(a) = 270 - 3*a + a**2 + 1304 - 1576. Determine h(j).
38
Let z(h) = h**3 - 6*h**2 + 4*h + 7. Let u be z(5). Suppose -u = -2*v, v + 26 = -3*f + 3*v. Let r(o) = -38 + 5*o + 71 + 16 - 3*o - 42. Calculate r(f).
-9
Let k = 128 + -117. Suppose 3*w = c - 7, k*c - 35 = 6*c + 4*w. Let y(r) = -r - 1. Calculate y(c).
-8
Let l(o) = 4*o**2 - 4*o + 7. Let j = 1010 + -1007. Give l(j).
31
Let w(v) = 17*v**2 + v + 1. Let j(i) = 2*i**2 + 7*i - 4 + 3 - 3*i**2 + 3*i. Let s(c) = 2*c**2 